 t(h) = 2*h - 2. Let a be t(2). Suppose 5*q + 0 = 5*w - 5, -5*w = a*q - 19. Suppose 0 = -2*c - q*c + 40. What are the prime factors of c?
2, 5
Let r = 15 - 4. List the prime factors of r.
11
What are the prime factors of 904/6 + (-6)/(-18)?
151
Let t(r) be the first derivative of 11*r**4 + r - 4. List the prime factors of t(1).
3, 5
Let j be -2 - -3 - (-1 + -9). Suppose j = k - 0*k. What are the prime factors of k?
11
Suppose 2*j + 140 = 4*n - 0*n, n - 3*j - 45 = 0. What are the prime factors of n?
3, 11
Suppose -u + 1 + 5 = 0. Let f(w) = w**2 + 3*w - 8. Let r be f(-6). Let k = r - u. What are the prime factors of k?
2
Suppose -4*j - 20 = -4*b, j = -3*b + 2*j + 11. Let c(z) = z - 6*z**2 + 8*z**2 - 10*z**b + z**3. What are the prime factors of c(-1)?
2, 5
Suppose 0 = a + 3*j - 0*j - 14, 0 = 5*j + 25. Let w = a + -11. List the prime factors of w.
2, 3
Let r = 4 + 8. What are the prime factors of r?
2, 3
Suppose -5*v = -2*i + i + 298, -5*i - 2*v + 1544 = 0. List the prime factors of i.
2, 7, 11
Suppose 2*j - 169 - 119 = 0. Suppose -j + 58 = -2*k. Suppose 4*c - 9 - k = 0. What are the prime factors of c?
13
Let l = 32 + 19. Suppose 5*t + l - 171 = 0. What are the prime factors of t?
2, 3
Let t(r) = r**3 - 3*r**2 + 4*r - 1. List the prime factors of t(4).
31
Suppose 2*n = -3 - 17. What are the prime factors of (-4)/n + 73/5?
3, 5
Suppose 12 = -u - 2*u. Suppose 3*b = -3*k + 9, 23 = 5*k - b - 2*b. What are the prime factors of k/5*(-10)/u?
2
Let l = 10 + -6. List the prime factors of l.
2
Let m = -3 - -7. Suppose 0 = m*d + 2*s - 24, 0*d = d - 3*s - 13. List the prime factors of d.
7
Let t(x) = -x - 4. Suppose 4*z - 49 = 5*u, -u + 4*z + 8 = 21. Let v be t(u). Suppose -v*d = -d - 12. List the prime factors of d.
3
Let i(r) = r**2 - 10*r - 36. What are the prime factors of i(15)?
3, 13
Let v be 1/((-3 - -6)/75). Suppose -2*t + v = f, 25 = 3*t + 5*f - 2. List the prime factors of t.
2, 7
Let z(w) be the second derivative of w**5/20 - 5*w**4/12 + w**2/2 + 3*w. Let r be z(5). What are the prime factors of r/2 + 231/14?
17
Suppose 0 = -5*i + 782 + 508. Let f be (-3)/(-3 + i/88). Suppose 26 = 2*a + 4*b, -f = -3*a - 4*b + 3*b. What are the prime factors of a?
3, 5
Suppose -2*o = -o, -3*o - 8 = -4*n. Suppose 4*y - 4*k = 52, -n*y - 3*k + 26 = -7*k. What are the prime factors of y?
13
Let p be 2 - (-5 + 2 + 2). Suppose 0 = -5*m + p*l + 24, 0*m - 4*l - 21 = -3*m. Suppose q = -2*q - y + 23, -19 = -m*q + y. What are the prime factors of q?
7
Let o(h) = -h**3 - 5*h**2 + 3*h - 5. What are the prime factors of o(-7)?
2, 3
Let m(n) = 3*n**3 - n**2 + n - 1. Let u be m(1). Let q be u/7 - (-332)/14. Suppose -q = -0*t - 4*t. List the prime factors of t.
2, 3
Suppose 4 = -2*l + 2. What are the prime factors of -12*l*6/4?
2, 3
What are the prime factors of 7/(-3)*(-5 + -1)?
2, 7
Let f be (-3)/(((-9)/(-10))/3). What are the prime factors of 21 + f/2 + 2?
2, 3
Suppose -2*y - 43 = -t + 3*y, -2*t = 3*y - 112. What are the prime factors of t?
53
Suppose 2*f - 237 = 65. What are the prime factors of f?
151
Let s = 0 - 0. Suppose 2*t + s*t = 0. Suppose -36 = -4*o - t*o. What are the prime factors of o?
3
Let p = -68 + 282. List the prime factors of p.
2, 107
Let q be (1/2)/(2/12). Suppose 3*a - q*n - 6 = 0, 2*a + a - 5*n = -4. List the prime factors of a.
7
Let n = 592 - 253. What are the prime factors of n?
3, 113
Suppose 18 = 2*c - 32. Let v = 50 - c. List the prime factors of v.
5
List the prime factors of (4 + (-612)/8)*12/(-15).
2, 29
Suppose 0*u + 3 = u. Suppose 0 = -u*l + 12. Suppose 0 = l*m - 5*m + 8. What are the prime factors of m?
2
Suppose 11 = -t + 3. What are the prime factors of 8/5 - t/20?
2
Let c(j) = j**2 - j + 2. Let d = 2 - 2. List the prime factors of c(d).
2
Suppose 96 = -7*f + 929. What are the prime factors of f?
7, 17
Let t(x) = 112*x**3 + 2*x**2 + 3*x - 4. List the prime factors of t(1).
113
Let p(y) = 2*y + 12. Let b be p(-5). Suppose -b*j + 6*j - 16 = 0. What are the prime factors of j?
2
Suppose 4*p = 2*k + 2*k + 152, 2*p + 2*k = 56. List the prime factors of p.
3, 11
Suppose -3*m + 5*t + 0*t = -117, -3 = t. What are the prime factors of m?
2, 17
Suppose f = 6*f - 155. List the prime factors of f.
31
Let u(a) = -2*a - 3*a - a**2 - 4*a - a - 10. List the prime factors of u(-7).
11
Let c(g) = -g**3 + 5*g**2 - 3*g - 1. Let w be c(4). Suppose -3*j - 2*j + 55 = 0. Suppose -w*p + 31 = -j. List the prime factors of p.
2, 7
Suppose 5*a = -4*h + 853, -3*a + 0*a + 1063 = 5*h. Suppose 13*b = 9*b + h. List the prime factors of b.
53
Suppose -5*x - 5*l + 30 = 0, -4*x + 6*l - 3*l - 4 = 0. Let g(h) = -h**3 - h**2 - 2*h + 5*h - x + 3. What are the prime factors of g(-3)?
2, 5
Let q be 4/(-6) - (-32)/3. Let x = 2 - 4. Let z = q - x. What are the prime factors of z?
2, 3
Let k = -42 - -67. List the prime factors of k.
5
Suppose 4*y - 486 = -2*w, 4*w - 4*y = 3*w + 255. What are the prime factors of w?
13, 19
Let l(t) = t**2 - 6*t + 3. List the prime factors of l(-5).
2, 29
Let o be ((-4)/2 + 3)*3. Suppose o*s - 19 - 8 = 0. What are the prime factors of s?
3
Let j(c) = c**3 + 20*c**2 + 16*c + 7. List the prime factors of j(-19).
2
Let p(w) = -2*w. Let x be p(-1). Suppose -15 = -5*f + 2*y, x*y - 3 = 3*f - 4*f. Suppose -f*d + 18 + 0 = 0. What are the prime factors of d?
2, 3
Let v(s) be the second derivative of -s**3/6 - 3*s**2 - 2*s. Let j be v(-8). Suppose n + j = 7. List the prime factors of n.
5
Suppose -5 = -9*m + 8*m. List the prime factors of m.
5
Let r(p) = 11*p + 2. List the prime factors of r(4).
2, 23
Let p(u) = -u**3 + 3*u**2 + 5*u - 3. Let d be p(4). Let z(v) = 20*v**2. What are the prime factors of z(d)?
2, 5
Suppose -r = -6*r + 25. List the prime factors of r.
5
Suppose 5*g = 5*a + 180, 0 = 2*g + a - 65 - 19. List the prime factors of 65*(-4)/g*-8.
2, 13
Suppose -l = 2*l. Suppose c + c - 26 = l. What are the prime factors of c?
13
Let s(m) = 7*m**3 + m**2 + 1. What are the prime factors of s(2)?
61
List the prime factors of 575/(15/3) + -1.
2, 3, 19
Suppose 0*s - 29 = s. Let c = s - -43. List the prime factors of c.
2, 7
Suppose -12 = -3*t + 6*t, -2*w = 3*t - 88. What are the prime factors of w?
2, 5
Let o(w) = -w + 10 + 4 + 3. List the prime factors of o(0).
17
Let f(m) = -3*m**2 + 11*m - 12. Let l(y) = 9*y**2 - 32*y + 35. Let r(t) = 17*f(t) + 6*l(t). What are the prime factors of r(5)?
2, 7
Suppose 3*h + 4 = 5*h. Suppose -2*n - 5 = -3*n, -9 = -h*w - n. Let g = w + 8. What are the prime factors of g?
2, 5
Let z(m) = 5*m - 1. Let n be z(2). Let w(f) = -f**2 + f. Let g(r) = r**3 - 15*r**2 + 6*r + 9. Let l(y) = g(y) - 6*w(y). What are the prime factors of l(n)?
3
Suppose 5*s - 224 = -2*s. List the prime factors of s.
2
Suppose -26 = 5*x + 34. Suppose -q = -2*q + 19. Let b = q + x. What are the prime factors of b?
7
Suppose -v - v - o + 46 = 0, -2*v + 38 = -o. List the prime factors of 57*(3 + v/(-9)).
2, 19
Suppose -2*y = -5*k + 149, -2*y + 110 = 4*k + y. List the prime factors of k.
29
Let k = -12 - -5. Let o(a) = -a**3 - 7*a**2 - 2*a - 1. List the prime factors of o(k).
13
Suppose -3*i = 3*q + 3, 0*i + 2*i + 4*q + 12 = 0. Suppose 0 = 2*k - 1 - 3. Suppose -6 = -k*r + i. List the prime factors of r.
5
Let s(k) = k**2 - 16. What are the prime factors of s(13)?
3, 17
Let v be 4/1 + (22 - 27). Let c be 4/14 - 200/14. Let z = v - c. List the prime factors of z.
13
Let p(x) = x**3 - 8*x**2 - 7*x + 4. List the prime factors of p(9).
2, 11
Let f be -2*(-1 + (-1)/(-2)). Let l be 7/14*(1 + f). Let q(o) = 4*o**3 - 2*o**2 + 1. What are the prime factors of q(l)?
3
What are the prime factors of 324/(-2)*5/(-10)?
3
Let w(l) = l**2 + 3*l + 3. Let n be w(-2). Let s = 3 - n. Let m(c) = 2*c**2. What are the prime factors of m(s)?
2
What are the prime factors of ((-210)/8)/(6/(-16))?
2, 5, 7
Let n = -6 + 8. Suppose 0 = -6*w + n*w + r + 72, 3*w + 2*r = 65. List the prime factors of w.
19
Let f(h) = h**3 + 4*h**2 - 5*h - 3. Let b be f(-5). Suppose -5 = -4*p - 1. What are the prime factors of (-2)/(p + 4/b)?
2, 3
List the prime factors of (-3)/2*3*-14.
3, 7
Let h = -3 - -2. Let b = 3 + -2. List the prime factors of (0 + b - h)/1.
2
Let z = -3 - -7. Let r = 6 - z. What are the prime factors of r?
2
Let s(a) = -a**3 - 6*a**2 - 4*a + 1. Let r be s(-4). Suppose -70 = d - 66. What a